 the ten thousands digit of 688895682?
9
What is the ten millions digit of 136882803?
3
What is the tens digit of 14080409?
0
What is the hundreds digit of 97283769?
7
What is the ten millions digit of 456172721?
5
What is the ten thousands digit of 115668550?
6
What is the millions digit of 2409450761?
9
What is the hundred thousands digit of 3059788236?
7
What is the tens digit of 94987629?
2
What is the ten millions digit of 266218920?
6
What is the millions digit of 1866403823?
6
What is the ten millions digit of 254742552?
5
What is the thousands digit of 794740920?
0
What is the units digit of 892406144?
4
What is the thousands digit of 245902007?
2
What is the thousands digit of 20882217?
2
What is the ten millions digit of 65322023?
6
What is the hundred millions digit of 2604043213?
6
What is the hundred millions digit of 3246029918?
2
What is the ten thousands digit of 3618685408?
8
What is the tens digit of 3861209795?
9
What is the hundred thousands digit of 64914243?
9
What is the ten millions digit of 11536052?
1
What is the hundreds digit of 29264211?
2
What is the ten millions digit of 217741973?
1
What is the units digit of 562295321?
1
What is the hundreds digit of 55042043?
0
What is the hundred millions digit of 575448338?
5
What is the tens digit of 351861482?
8
What is the hundred millions digit of 4410262010?
4
What is the hundred millions digit of 4473558558?
4
What is the ten thousands digit of 12358409?
5
What is the millions digit of 303400946?
3
What is the tens digit of 4636092331?
3
What is the ten millions digit of 4467569130?
6
What is the ten thousands digit of 1685519206?
1
What is the ten thousands digit of 9991309?
9
What is the tens digit of 5326568679?
7
What is the hundred millions digit of 242046703?
2
What is the millions digit of 35091015?
5
What is the hundreds digit of 55288066?
0
What is the millions digit of 2844067277?
4
What is the units digit of 79832407?
7
What is the thousands digit of 94999314?
9
What is the thousands digit of 316100734?
0
What is the ten thousands digit of 256477397?
7
What is the hundred millions digit of 572396662?
5
What is the hundred millions digit of 350845500?
3
What is the tens digit of 388212929?
2
What is the tens digit of 524969883?
8
What is the tens digit of 6635090?
9
What is the units digit of 4427277736?
6
What is the hundred millions digit of 202759846?
2
What is the hundred thousands digit of 155479025?
4
What is the units digit of 71266947?
7
What is the ten thousands digit of 2880443255?
4
What is the ten millions digit of 39221420?
3
What is the hundred thousands digit of 147902280?
9
What is the ten thousands digit of 3962552407?
5
What is the tens digit of 165377664?
6
What is the ten millions digit of 543346511?
4
What is the thousands digit of 698262003?
2
What is the ten thousands digit of 493086291?
8
What is the thousands digit of 516254541?
4
What is the hundred thousands digit of 31478557?
4
What is the hundred thousands digit of 8040709597?
7
What is the tens digit of 319589441?
4
What is the ten thousands digit of 1963319553?
1
What is the hundred thousands digit of 97350982?
3
What is the hundreds digit of 501586317?
3
What is the units digit of 52497633?
3
What is the ten thousands digit of 596064894?
6
What is the ten millions digit of 1821290109?
2
What is the hundred thousands digit of 4242003005?
0
What is the units digit of 1276636178?
8
What is the hundred thousands digit of 20674229?
6
What is the ten millions digit of 28624950?
2
What is the tens digit of 266676543?
4
What is the units digit of 67761418?
8
What is the ten thousands digit of 1452578697?
7
What is the tens digit of 399986190?
9
What is the ten thousands digit of 23856339?
5
What is the hundreds digit of 40969207?
2
What is the hundred thousands digit of 309357342?
3
What is the thousands digit of 106361390?
1
What is the ten thousands digit of 62951809?
5
What is the units digit of 34397862?
2
What is the ten millions digit of 2433323113?
3
What is the hundreds digit of 138451960?
9
What is the thousands digit of 162387290?
7
What is the units digit of 31458683?
3
What is the hundreds digit of 18275177?
1
What is the thousands digit of 825259970?
9
What is the ten thousands digit of 114484237?
8
What is the units digit of 7549260700?
0
What is the units digit of 44786799?
9
What is the hundred thousands digit of 127569765?
5
What is the billions digit of 1386443809?
1
What is the ten thousands digit of 5841856793?
5
What is the tens digit of 44141866?
6
What is the units digit of 3939460115?
5
What is the units digit of 885441253?
3
What is the tens digit of 51630282?
8
What is the hundreds digit of 1999173094?
0
What is the tens digit of 928861050?
5
What is the hundred thousands digit of 51994391?
9
What is the units digit of 34439380?
0
What is the millions digit of 3958048742?
8
What is the hundred thousands digit of 246772354?
7
What is the hundred thousands digit of 126110540?
1
What is the tens digit of 1669425352?
5
What is the hundred millions digit of 126746677?
1
What is the millions digit of 146403923?
6
What is the units digit of 38317004?
4
What is the tens digit of 15284394?
9
What is the hundreds digit of 82725758?
7
What is the millions digit of 27017360?
7
What is the hundred millions digit of 2722073786?
7
What is the millions digit of 360361537?
0
What is the tens digit of 23190979?
7
What is the thousands digit of 1069375225?
5
What is the ten thousands digit of 353788593?
8
What is the ten thousands digit of 68193104?
9
What is the ten thousands digit of 47393144?
9
What is the millions digit of 44554965?
4
What is the hundred thousands digit of 45814456?
8
What is the millions digit of 10974513?
0
What is the ten millions digit of 579031943?
7
What is the hundred millions digit of 193036613?
1
What is the millions digit of 1299912116?
9
What is the thousands digit of 812963454?
3
What is the thousands digit of 430545579?
5
What is the hundreds digit of 29375715?
7
What is the thousands digit of 1149014103?
4
What is the hundreds digit of 259712838?
8
What is the hundred millions digit of 971150110?
9
What is the thousands digit of 252770338?
0
What is the hundred thousands digit of 46853806?
8
What is the units digit of 2946850369?
9
What is the ten millions digit of 726818859?
2
What is the millions digit of 4644995018?
4
What is the ten millions digit of 2211448647?
1
What is the hundred millions digit of 4129372330?
1
What is the ten millions digit of 4633151440?
3
What is the hundred thousands digit of 372708832?
7
What is the tens digit of 1308066543?
4
What is the millions digit of 3900482694?
0
What is the ten thousands digit of 149620748?
2
What is the tens digit of 61636603?
0
What is the hundreds digit of 3116947768?
7
What is the hundred thousands digit of 535536079?
5
What is the millions digit of 335725861?
5
What is the hundred millions digit of 256969563?
2
What is the thousands digit of 333020510?
0
What is the tens digit of 6969472?
7
What is the thousands digit of 74535747?
5
What is the units digit of 2064182078?
8
What is the hundreds digit of 651038144?
1
What is the ten thousands digit of 71372488?
7
What is the thousands digit of 179576832?
6
What is the tens digit of 18951724?
2
What is the hundred thousands digit of 85087253?
0
What is the ten millions digit of 5711801269?
1
What is the millions digit of 4126537729?
6
What is the ten millions digit of 33755655?
3
What is the thousands digit of 69365637?
5
What is the units digit of 63905751?
1
What is the thousands digit of 1412823209?
3
What is the tens digit of 89740322?
2
What is the tens digit of 91083180?
8
What is the millions digit of 2508425107?
8
What is the hundred millions digit of 178010410?
1
What is the hundred thousands digit of 65618364?
6
What is the tens digit of 1291633315?
1
What is the hundreds digit of 1727648504?
5
What is the hundreds digit of 151416837?
8
What is the units digit of 107980760?
0
What is the hundreds digit of 4850306963?
9
What is the ten thousands digit of 492726?
9
What is the millions digit of 6033217700?
3
What is the hundred millions digit of 1955834301?
9
What is the hundreds digit of 4287016689?
6
What is the hundreds di